True
Is 17876 a multiple of 76?
False
Is 1769 a multiple of 2?
False
Does 8 divide 8?
True
Is 2584330 a multiple of 14?
True
Is 967 a factor of 1152095?
False
Does 14 divide 128003?
False
Does 9 divide 439615?
False
Is 521543 a multiple of 16?
False
Is 31 a factor of 34751?
True
Does 10 divide 2327110?
True
Does 957 divide 3754985?
False
Is 259979 a multiple of 521?
True
Is 7884311 a multiple of 61?
True
Does 84 divide 1180546?
False
Is 47 a factor of 245136?
False
Is 69421 a multiple of 50?
False
Is 164871 a multiple of 63?
True
Does 15 divide 1438169?
False
Does 8 divide 3152052?
False
Is 119517 a multiple of 8?
False
Is 1127 a factor of 2399383?
True
Does 6 divide 798486?
True
Does 4 divide 348920?
True
Is 1235907 a multiple of 423?
False
Is 208573 a multiple of 32?
False
Does 172 divide 125904?
True
Is 283 a factor of 5649047?
False
Is 20 a factor of 39942020?
True
Is 105756 a multiple of 4?
True
Is 1167822 a multiple of 397?
False
Does 695 divide 5643606?
False
Does 22 divide 19202?
False
Does 17 divide 88924?
False
Does 42 divide 2089962?
True
Is 130 a factor of 3318446?
False
Is 275268 a multiple of 58?
True
Is 30 a factor of 1220820?
True
Is 154315 a multiple of 23?
False
Does 3091 divide 30925455?
True
Is 1153778 a multiple of 165?
False
Is 5 a factor of 5270135?
True
Is 40 a factor of 943502?
False
Does 126 divide 402?
False
Is 129 a factor of 428022?
True
Is 1413126 a multiple of 99?
True
Is 650 a factor of 2864550?
True
Is 108750 a multiple of 15?
True
Is 430 a multiple of 185?
False
Is 1465909 a multiple of 19?
False
Is 1048590 a multiple of 3?
True
Is 13111 a multiple of 14?
False
Is 332 a factor of 692552?
True
Does 12 divide 323443?
False
Is 11 a factor of 15453592?
True
Does 10 divide 63363?
False
Is 3664892 a multiple of 11?
True
Is 997220 a multiple of 70?
True
Is 10 a factor of 1174172?
False
Does 87 divide 1031552?
False
Is 5736506 a multiple of 192?
False
Is 51 a factor of 189152?
False
Does 10 divide 20508?
False
Is 2848804 a multiple of 142?
True
Is 1236665 a multiple of 90?
False
Does 71 divide 327535?
False
Is 17 a factor of 50340?
False
Is 21879093 a multiple of 1297?
True
Is 12581366 a multiple of 65?
False
Is 76 a factor of 169860?
True
Does 727 divide 4495776?
False
Is 29 a factor of 860169?
True
Is 438311 a multiple of 323?
True
Is 452 a factor of 355736?
False
Is 207 a factor of 344411?
False
Is 279 a factor of 1290007?
False
Is 14 a factor of 543928?
True
Does 113 divide 7678576?
True
Is 4169250 a multiple of 109?
True
Does 22 divide 562999?
False
Does 14 divide 47504?
False
Does 37 divide 82584?
True
Is 15 a factor of 4168473?
False
Is 107 a factor of 156922?
False
Is 545 a factor of 6457234?
False
Is 331 a factor of 4116195?
False
Does 7 divide 156701?
False
Is 16510873 a multiple of 901?
False
Is 48 a factor of 20570832?
True
Is 299 a factor of 2121106?
True
Does 144 divide 1095280?
False
Is 15 a factor of 469601?
False
Does 54 divide 1884762?
True
Is 10166621 a multiple of 59?
False
Does 87 divide 2500293?
True
Is 936146 a multiple of 269?
False
Is 30 a factor of 15949590?
True
Is 141588 a multiple of 57?
True
Is 393263 a multiple of 169?
True
Does 16 divide 193408?
True
Does 52 divide 309348?
True
Does 223 divide 159668?
True
Does 47 divide 79148?
True
Is 26 a factor of 282256?
True
Does 35 divide 849684?
False
Does 97 divide 991534?
True
Does 29 divide 440035?
False
Is 188460 a multiple of 5?
True
Is 10 a factor of 7470982?
False
Does 25 divide 1801400?
True
Is 1762975 a multiple of 41?
False
Does 9 divide 1583428?
False
Is 99 a factor of 313929?
True
Does 5 divide 1583481?
False
Is 7 a factor of 612466?
False
Is 1486676 a multiple of 26?
False
Is 49035 a multiple of 40?
False
Is 20 a factor of 3021640?
True
Is 133770 a multiple of 105?
True
Is 92097 a multiple of 59?
False
Is 745 a factor of 8009934?
False
Does 13 divide 108199?
True
Does 406 divide 978866?
True
Is 181512 a multiple of 9?
True
Is 150876 a multiple of 22?
True
Is 196 a factor of 193714?
False
Is 44 a factor of 530946?
False
Is 240 a factor of 178143?
False
Does 18 divide 1681452?
True
Does 9 divide 934300?
False
Does 23 divide 161943?
True
Is 112272 a multiple of 31?
False
Does 8 divide 572142?
False
Does 68 divide 19790850?
False
Is 2 a factor of 410457?
False
Does 20 divide 60340?
True
Does 195 divide 505101?
False
Is 725 a factor of 3844993?
False
Does 3 divide 375693?
True
Is 1989201 a multiple of 23?
True
Is 171392 a multiple of 206?
True
Does 13 divide 3354455?
True
Is 249 a factor of 113211?
False
Is 43 a factor of 311053?
False
Does 19 divide 448845?
False
Is 276 a factor of 496634?
False
Is 1590200 a multiple of 50?
True
Is 337459 a multiple of 310?
False
Is 51 a factor of 512907?
True
Does 223 divide 2068206?
False
Is 121552 a multiple of 428?
True
Is 1347 a factor of 14575887?
True
Is 13794480 a multiple of 1020?
True
Is 2027576 a multiple of 12?
False
Is 33 a factor of 263405?
False
Is 130240 a multiple of 370?
True
Is 124 a factor of 740032?
True
Does 316 divide 17696?
True
Does 89 divide 583573?
True
Is 196581 a multiple of 491?
False
Is 2421576 a multiple of 202?
True
Does 437 divide 469798?
False
Does 6 divide 966?
True
Does 26 divide 162257?
False
Does 12 divide 51388?
False
Does 94 divide 9160453?
False
Does 81 divide 4799604?
False
Does 39 divide 13694?
False
Is 95 a factor of 199025?
True
Is 4 a factor of 110148?
True
Does 14 divide 814164?
False
Does 58 divide 639102?
True
Is 160488 a multiple of 6?
True
Does 2 divide 18114?
True
Does 4 divide 787036?
True
Is 757111 a multiple of 13?
False
Is 14 a factor of 1355188?
False
Is 44022 a multiple of 6?
True
Is 31 a factor of 117624?
False
Is 68406 a multiple of 6?
True
Is 3121405 a multiple of 7?
True
Is 86789 a multiple of 10?
False
Is 1372549 a multiple of 13?
False
Is 6 a factor of 943199?
False
Is 2 a factor of 59356?
True
Is 33313 a multiple of 7?
True
Is 129 a factor of 1503247?
False
Does 37 divide 949787?
False
Does 66 divide 31878?
True
Is 1870347 a multiple of 68?
False
Is 1094 a multiple of 2?
True
Is 22 a factor of 833748?
False
Is 10 a factor of 89371?
False
Does 24 divide 1761096?
True
Is 56 a factor of 173992?
True
Is 6893550 a multiple of 843?
False
Does 880 divide 1603551?
False
Does 19 divide 6920066?
True
Is 8719 a multiple of 3?
False
Is 5995542 a multiple of 100?
False
Is 274 a factor of 11675688?
True
Does 26 divide 156664?
False
Is 680072 a multiple of 6?
False
Is 33 a factor of 771867?
False
Is 195 a factor of 186754?
False
Is 513 a factor of 521073?
False
Is 52 a factor of 428096?
False
Is 158 a factor of 1240774?
True
Is 1258232 a multiple of 10?
False
Does 10 divide 3162?
False
Is 165 a factor of 69622?
False
Does 115 divide 3871893?
False
Is 2052692 a multiple of 19?
False
Is 14 a factor of 670236?
True
Is 303937 a multiple of 728?
False
Is 57 a factor of 1961313?
True
Does 32 divide 340704?
True
Is 47247 a multiple of 131?
False
Is 474 a factor of 2372280?
False
Is 31669 a multiple of 156?
False
Is 36 a factor of 334260?
True
Is 5065472 a multiple of 104?
False
Is 1686888 a multiple of 21?
True
Is 1699710 a multiple of 318?
True
Is 7977 a multiple of 2?
False
Is 11 a factor of 2367067?
False
Does 38 divide 2200146?
False
Does 48 divide 1261104?
True
Does 40 divide 2720760?
True
Does 453 divide 122310?
True
Is 257776 a multiple of 327?
False
Does 162 divide 1024812?
True
Is 87 a factor of 143376?
True
Does 28 divide 173535?
False
Is 562 a factor of 4527472?
True
Is 19 a factor of 14005?
False
Does 246 divide 902795?
False
Does 1069 divide 1539360?
True
Does 69 divide 306222?
True
Does 1336 divide 4422160?
True
Is 794337 a multiple of 247?
False
Is 56 a factor of 13726161?
False
Is 152 a factor of 325280?
True
Does 8 divide 920719?
False
Does 128 divide 1430257?
False
Does 18 divide 379762?
False
Is 1587432 a multiple of 14?
True
Is 44 a factor of 21648?
True
Is 3229579 a multiple of 317?
False
Is 8 a factor of 107916?
False
Is 50067 a multiple of 640?
False
Does 11 divide 760826?
True
Is 4730080 a multiple of 94?
True
Is 218219 a multiple of 347?
False
Is 104469 a multiple of 359?
True
Is 189366 a multiple of 13?
False
Does 201 divide 3273453?
False
Is 65520 a multiple of 360?
True
Is 9021372 a multiple of 409?
False
Is 1372 a factor of 211